{"id":13534,"date":"2024-01-04T17:41:29","date_gmt":"2024-01-04T16:41:29","guid":{"rendered":"https:\/\/mutata.co.rs\/proizvod\/audi-seat-skoda-set-za-reparaturu-prednjih-podizaca-stakla-leva\/"},"modified":"2024-01-31T14:31:49","modified_gmt":"2024-01-31T13:31:49","slug":"audi-seat-skoda-set-za-reparaturu-prednjih-podizaca-stakla-leva","status":"publish","type":"product","link":"https:\/\/mutata.co.rs\/sr\/proizvod\/audi-seat-skoda-set-za-reparaturu-prednjih-podizaca-stakla-leva\/","title":{"rendered":"Audi, Seat, \u0160koda set za reparaturu prednjih podiza\u010da stakla (leva)"},"content":{"rendered":"<p>Odgovara za slede\u0107e modele:<\/p>\n<p>&#8211; Audi A4 (1995-2001) set za reparaturu prednjih podiza\u010da<\/p>\n<p>&#8211; \u0160koda Superb (2001-2008) kliza\u010di podiza\u010da stakla<\/p>\n<p>&#8211; Volkswagen Passat (1997-2005), Polo (2000-2002)Volkswagen Lupo (1998 &#8211; 2005) prednji prozor<\/p>","protected":false},"excerpt":{"rendered":"<p>Cena artikla se odnosi na 1 set<\/p>\n<p>Strana ugradnje : Leva<\/p>\n<p>Kom\/pak : 2<br \/>\nKatalo\u0161ki broj 15202<\/p>","protected":false},"featured_media":13532,"comment_status":"open","ping_status":"closed","template":"","meta":{"rank_math_lock_modified_date":false,"site-sidebar-layout":"default","site-content-layout":"","ast-site-content-layout":"","site-content-style":"default","site-sidebar-style":"default","ast-global-header-display":"","ast-banner-title-visibility":"","ast-main-header-display":"","ast-hfb-above-header-display":"","ast-hfb-below-header-display":"","ast-hfb-mobile-header-display":"","site-post-title":"","ast-breadcrumbs-content":"","ast-featured-img":"","footer-sml-layout":"","theme-transparent-header-meta":"","adv-header-id-meta":"","stick-header-meta":"","header-above-stick-meta":"","header-main-stick-meta":"","header-below-stick-meta":"","astra-migrate-meta-layouts":"default","ast-page-background-enabled":"default","ast-page-background-meta":{"desktop":{"background-color":"","background-image":"","background-repeat":"repeat","background-position":"center center","background-size":"auto","background-attachment":"scroll","background-type":"","background-media":"","overlay-type":"","overlay-color":"","overlay-opacity":"","overlay-gradient":""},"tablet":{"background-color":"","background-image":"","background-repeat":"repeat","background-position":"center center","background-size":"auto","background-attachment":"scroll","background-type":"","background-media":"","overlay-type":"","overlay-color":"","overlay-opacity":"","overlay-gradient":""},"mobile":{"background-color":"","background-image":"","background-repeat":"repeat","background-position":"center center","background-size":"auto","background-attachment":"scroll","background-type":"","background-media":"","overlay-type":"","overlay-color":"","overlay-opacity":"","overlay-gradient":""}},"ast-content-background-meta":{"desktop":{"background-color":"var(--ast-global-color-5)","background-image":"","background-repeat":"repeat","background-position":"center center","background-size":"auto","background-attachment":"scroll","background-type":"","background-media":"","overlay-type":"","overlay-color":"","overlay-opacity":"","overlay-gradient":""},"tablet":{"background-color":"var(--ast-global-color-5)","background-image":"","background-repeat":"repeat","background-position":"center center","background-size":"auto","background-attachment":"scroll","background-type":"","background-media":"","overlay-type":"","overlay-color":"","overlay-opacity":"","overlay-gradient":""},"mobile":{"background-color":"var(--ast-global-color-5)","background-image":"","background-repeat":"repeat","background-position":"center center","background-size":"auto","background-attachment":"scroll","background-type":"","background-media":"","overlay-type":"","overlay-color":"","overlay-opacity":"","overlay-gradient":""}}},"product_cat":[1698,231,232,1693],"product_tag":[1699],"class_list":{"0":"post-13534","1":"product","2":"type-product","3":"status-publish","4":"has-post-thumbnail","6":"product_cat-audi-seat-volkswagen-klizaci-za-rep-podizaca-stakla","7":"product_cat-audi-seat-volkswagen","8":"product_cat-skoda-2","9":"product_cat-skoda","10":"product_tag-1699","11":"desktop-align-left","12":"tablet-align-left","13":"mobile-align-left","15":"first","16":"instock","17":"shipping-taxable","18":"purchasable","19":"product-type-simple"},"_links":{"self":[{"href":"https:\/\/mutata.co.rs\/sr\/wp-json\/wp\/v2\/product\/13534"}],"collection":[{"href":"https:\/\/mutata.co.rs\/sr\/wp-json\/wp\/v2\/product"}],"about":[{"href":"https:\/\/mutata.co.rs\/sr\/wp-json\/wp\/v2\/types\/product"}],"replies":[{"embeddable":true,"href":"https:\/\/mutata.co.rs\/sr\/wp-json\/wp\/v2\/comments?post=13534"}],"version-history":[{"count":1,"href":"https:\/\/mutata.co.rs\/sr\/wp-json\/wp\/v2\/product\/13534\/revisions"}],"predecessor-version":[{"id":15411,"href":"https:\/\/mutata.co.rs\/sr\/wp-json\/wp\/v2\/product\/13534\/revisions\/15411"}],"wp:featuredmedia":[{"embeddable":true,"href":"https:\/\/mutata.co.rs\/sr\/wp-json\/wp\/v2\/media\/13532"}],"wp:attachment":[{"href":"https:\/\/mutata.co.rs\/sr\/wp-json\/wp\/v2\/media?parent=13534"}],"wp:term":[{"taxonomy":"product_cat","embeddable":true,"href":"https:\/\/mutata.co.rs\/sr\/wp-json\/wp\/v2\/product_cat?post=13534"},{"taxonomy":"product_tag","embeddable":true,"href":"https:\/\/mutata.co.rs\/sr\/wp-json\/wp\/v2\/product_tag?post=13534"}],"curies":[{"name":"wp","href":"https:\/\/api.w.org\/{rel}","templated":true}]}}

Audi, Seat, Škoda set za reparaturu prednjih podizača stakla (leva)

<p>Odgovara za sledeće modele:</p>
<p>&#8211; Audi A4 (1995-2001) set za reparaturu prednjih podizača</p>
<p>&#8211; Škoda Superb (2001-2008) klizači podizača stakla</p>
<p>&#8211; Volkswagen Passat (1997-2005), Polo (2000-2002)Volkswagen Lupo (1998 &#8211; 2005) prednji prozor</p>

<p>Cena artikla se odnosi na 1 set</p>
<p>Strana ugradnje : Leva</p>
<p>Kom/pak : 2<br />
Kataloški broj 15202</p>
