{"id":9209,"date":"2020-07-21T23:48:02","date_gmt":"2020-07-21T21:48:02","guid":{"rendered":"https:\/\/mutata.co.rs\/proizvod\/bmw-ford-mercedes-opel-skoda-kopce-za-tapacir\/"},"modified":"2024-01-31T14:33:03","modified_gmt":"2024-01-31T13:33:03","slug":"bmw-ford-mercedes-opel-skoda-kopce-za-tapacir","status":"publish","type":"product","link":"https:\/\/mutata.co.rs\/sr\/proizvod\/bmw-ford-mercedes-opel-skoda-kopce-za-tapacir\/","title":{"rendered":"Univerzalne \u017eabice za fiksiranje obloga u vozilu"},"content":{"rendered":"<p>Univerzalne \u017eabice za fiksiranje obloga u vozilu na raznim mestima poput instrument table, izolacije kabine, obloge sedi\u0161ta, tovarnog prostora itd&#8230;<\/p>\n<p><strong>\u017dabice odgovaraju za slede\u0107e modele vozila:<\/strong><\/p>\n<p><strong>Audi<\/p>\n<p><\/strong>Audi A3 (2003-2012) &#8211; za fiksiranje instrument table i ventilacione kabine<\/p>\n<p>Audi A4 B6 &#8211; za fiksiranje instrument table i ventilacione kabine<\/p>\n<p>Audi A4 B7 &#8211; za fiksiranje instrument table i ventilacione kabine<\/p>\n<p>Audi A5 &#8211; za fiksiranje instrument table i ventilacione kabine<\/p>\n<p>Audi A6 C6 &#8211; za fiksiranje instrument table i ventilacione kabine<\/p>\n<p>Audi TT (2006-&gt;) &#8211; za fiksiranje instrument table i ventilacione kabine<\/p>\n<p>Audi TT (1998-2006) &#8211; za fiksiranje instrument table i ventilacione kabine<strong><\/p>\n<p>BMW<\/p>\n<p><\/strong>BMW 5(E28) \u2013 obloge prtlja\u017enika<\/p>\n<p>BMW 6(E24) \u2013 obloge prtlja\u017enika<\/p>\n<p>BMW 7(E23) \u2013 obloge prtlja\u017enika<\/p>\n<p><strong>Ford<\/strong><\/p>\n<p>Ford &#8211; univerzalne \u017eabice za fiksiranje obloga u vozilu na vi\u0161e lokacija i kod vi\u0161e modela<\/p>\n<p><strong>Opel<\/strong><\/p>\n<p>Opel Ascona \u2013 obloge prednjih i zadnjih sedi\u0161ta<\/p>\n<p>Opel Astra H \u2013 obloge prednjih i zadnjih sedi\u0161ta<\/p>\n<p>Opel Corsa C \u2013 obloge prednjih i zadnjih sedi\u0161ta<\/p>\n<p>Opel Corsa D \u2013 obloge prednjih i zadnjih sedi\u0161ta<\/p>\n<p>Opel Kadett E\u00a0\u2013 obloge prednjih i zadnjih sedi\u0161ta<\/p>\n<p>Opel Record \u2013 obloge prednjih i zadnjih sedi\u0161ta<\/p>\n<p>Opel Signum \u2013 bo\u010dni poklopci u podru\u010dju ispod haube<\/p>\n<p>Opel Vectra C \u2013 bo\u010dni poklopci u podru\u010dju ispod haube<\/p>\n<p><strong>Seat<\/p>\n<p><\/strong>Seat Inca &#8211; obloge gepek vrata<strong><\/p>\n<p>\u0160koda<\/p>\n<p><\/strong>\u0160koda Fabia (2000-2008) \u2013 obloge gepek vrata<\/p>\n<p>Roomster \u2013 obloge gepek vrata<\/p>\n<p>Superb (2002-2008) \u2013 paneli od vrata i tepiha<\/p>\n<p><strong>Volkswagen<\/p>\n<p><\/strong>Volkswagen Caddy (1996-2003) \u2013 obloga glave kabine i tovarnog prostora, presvlake prtlja\u017enika<strong><\/p>\n<p><\/strong>Volkswagen LT (2004-2007) \u2013 paneli obloge vrata i unutra\u0161nje obloge panela &#8211; elementi<\/p>\n<p>Volkswagen LT (1990-1996) \u2013 paneli obloge vrata i unutra\u0161nje obloge panela &#8211; elementi<\/p>\n<p>Volkswagen LT (1997-2003) \u2013 paneli obloge vrata i unutra\u0161nje obloge panela &#8211; elementi<\/p>\n<p>Volkswagen T5 \u2013 kontrolna tabla i izolacija kabine i tovarni prostor<\/p>\n<p>Klikom na brend vozila mo\u017eete da pogledate ceo asortiman \u017eabice za <a href=\"https:\/\/grtgroup.net\/wp-content\/uploads\/2022\/Katalozi\/Audi_Seat_Volkswagen_zabice_1.2.pdf\" target=\"_blank\" rel=\"noopener\">Audi<\/a>, BMW,\u00a0 <a href=\"https:\/\/grtgroup.net\/wp-content\/uploads\/2022\/Katalozi\/Chevrolet_Daewoo_Opel_zabice_version_1.2.pdf\" target=\"_blank\" rel=\"noopener\">Opel<\/a>, <a href=\"https:\/\/grtgroup.net\/wp-content\/uploads\/2022\/Katalozi\/Audi_Seat_Volkswagen_zabice_1.2.pdf\" target=\"_blank\" rel=\"noopener\">Seat<\/a>, <a href=\"https:\/\/grtgroup.net\/wp-content\/uploads\/2022\/Katalozi\/Skoda_zabice_version_1.3.pdf\" target=\"_blank\" rel=\"noopener\">\u0160koda<\/a>, <a href=\"https:\/\/grtgroup.net\/wp-content\/uploads\/2022\/Katalozi\/Audi_Seat_Volkswagen_zabice_1.2.pdf\" target=\"_blank\" rel=\"noopener\">Volkswagen<\/a><\/p>\n<h3>Dali ste znali o \u017eabicama?<\/h3>\n<p>Sa porastom plastike u automobilskoj industriji, mnogi patenti, kop\u010de i \u017eabice su napravljeni od poliamida i polipropilena zamenili<\/p>\n<p>su metalne komponente. Njihova re\u0161enja za rad i fiksiranje su u po\u010detku bila o\u010digledno jednostavna, ali su u isto vreme imali manju te\u017einu,<\/p>\n<p>smanjenje buke i br\u017eu proizvodnju i instalacijskih moguc\u0301nosti. Kako se razvijala hemijska industrija,<\/p>\n<p>tako su se razvijali i dizajn plasti\u010dnih \u017eabica. Po\u010detni jednofunkcionalni pri\u010dvr\u0161c\u0301iva\u010di zamenjeni su mnogo komplikovanijim<\/p>\n<p>\u017eabicama \u2013 kop\u010dama, koji omoguc\u0301avaju vi\u0161estruku upotrebu. Paralelno sa zvu\u010dnom izolacijom putni\u010dkog prostora,<\/p>\n<p>potrebni su i novi tipovi \u017eabica za pri\u010dvr\u0161c\u0301ivanje obloga-tapacira. Dizajnirani su tako da budu laki za instalaciju,<\/p>\n<p>stabilni ali fleksibilni i sposobni da obavljaju funkciju prigu\u0161enja vibracija.<\/p>","protected":false},"excerpt":{"rendered":"<p>Cena artikla se odnosi na 1 komad<\/p>\n<p>Boja :\u00a0crna<\/p>\n<p>Pre\u010dnik glave :\u00a020,3mm<\/p>\n<p>Za rupu : 8mm<\/p>\n<p>Ukupna du\u017eina :\u00a022,6mm<\/p>\n<p>Kom\/pak : 25<\/p>\n<p>Audi Nr.: N90201601<\/p>\n<p>BMW Nr.: 51471904317<\/p>\n<p>Opel Nr.: 2207713<\/p>\n<p>Seat, \u0160koda, VW Nr.: N90201601<br \/>\nKatalo\u0161ki broj 15513<\/p>","protected":false},"featured_media":12561,"comment_status":"open","ping_status":"closed","template":"","meta":{"rank_math_lock_modified_date":false,"site-sidebar-layout":"default","site-content-layout":"","ast-site-content-layout":"","site-content-style":"default","site-sidebar-style":"default","ast-global-header-display":"","ast-banner-title-visibility":"","ast-main-header-display":"","ast-hfb-above-header-display":"","ast-hfb-below-header-display":"","ast-hfb-mobile-header-display":"","site-post-title":"","ast-breadcrumbs-content":"","ast-featured-img":"","footer-sml-layout":"","theme-transparent-header-meta":"","adv-header-id-meta":"","stick-header-meta":"","header-above-stick-meta":"","header-main-stick-meta":"","header-below-stick-meta":"","astra-migrate-meta-layouts":"default","ast-page-background-enabled":"default","ast-page-background-meta":{"desktop":{"background-color":"","background-image":"","background-repeat":"repeat","background-position":"center center","background-size":"auto","background-attachment":"scroll","background-type":"","background-media":"","overlay-type":"","overlay-color":"","overlay-opacity":"","overlay-gradient":""},"tablet":{"background-color":"","background-image":"","background-repeat":"repeat","background-position":"center center","background-size":"auto","background-attachment":"scroll","background-type":"","background-media":"","overlay-type":"","overlay-color":"","overlay-opacity":"","overlay-gradient":""},"mobile":{"background-color":"","background-image":"","background-repeat":"repeat","background-position":"center center","background-size":"auto","background-attachment":"scroll","background-type":"","background-media":"","overlay-type":"","overlay-color":"","overlay-opacity":"","overlay-gradient":""}},"ast-content-background-meta":{"desktop":{"background-color":"var(--ast-global-color-5)","background-image":"","background-repeat":"repeat","background-position":"center center","background-size":"auto","background-attachment":"scroll","background-type":"","background-media":"","overlay-type":"","overlay-color":"","overlay-opacity":"","overlay-gradient":""},"tablet":{"background-color":"var(--ast-global-color-5)","background-image":"","background-repeat":"repeat","background-position":"center center","background-size":"auto","background-attachment":"scroll","background-type":"","background-media":"","overlay-type":"","overlay-color":"","overlay-opacity":"","overlay-gradient":""},"mobile":{"background-color":"var(--ast-global-color-5)","background-image":"","background-repeat":"repeat","background-position":"center center","background-size":"auto","background-attachment":"scroll","background-type":"","background-media":"","overlay-type":"","overlay-color":"","overlay-opacity":"","overlay-gradient":""}}},"product_cat":[231,1736,467,468,498,305,232,223],"product_tag":[2092],"class_list":{"0":"post-9209","1":"product","2":"type-product","3":"status-publish","4":"has-post-thumbnail","6":"product_cat-audi-seat-volkswagen","7":"product_cat-autobusi-i-kamioni","8":"product_cat-bmw-mini-cooper-2","9":"product_cat-chevrolet-daewoo-opel","10":"product_cat-ford-2","11":"product_cat-mercedes-2","12":"product_cat-skoda-2","13":"product_cat-univerzalne-kopce-2","14":"product_tag-2092","15":"desktop-align-left","16":"tablet-align-left","17":"mobile-align-left","19":"first","20":"instock","21":"shipping-taxable","22":"purchasable","23":"product-type-simple"},"_links":{"self":[{"href":"https:\/\/mutata.co.rs\/sr\/wp-json\/wp\/v2\/product\/9209"}],"collection":[{"href":"https:\/\/mutata.co.rs\/sr\/wp-json\/wp\/v2\/product"}],"about":[{"href":"https:\/\/mutata.co.rs\/sr\/wp-json\/wp\/v2\/types\/product"}],"replies":[{"embeddable":true,"href":"https:\/\/mutata.co.rs\/sr\/wp-json\/wp\/v2\/comments?post=9209"}],"version-history":[{"count":1,"href":"https:\/\/mutata.co.rs\/sr\/wp-json\/wp\/v2\/product\/9209\/revisions"}],"predecessor-version":[{"id":15643,"href":"https:\/\/mutata.co.rs\/sr\/wp-json\/wp\/v2\/product\/9209\/revisions\/15643"}],"wp:featuredmedia":[{"embeddable":true,"href":"https:\/\/mutata.co.rs\/sr\/wp-json\/wp\/v2\/media\/12561"}],"wp:attachment":[{"href":"https:\/\/mutata.co.rs\/sr\/wp-json\/wp\/v2\/media?parent=9209"}],"wp:term":[{"taxonomy":"product_cat","embeddable":true,"href":"https:\/\/mutata.co.rs\/sr\/wp-json\/wp\/v2\/product_cat?post=9209"},{"taxonomy":"product_tag","embeddable":true,"href":"https:\/\/mutata.co.rs\/sr\/wp-json\/wp\/v2\/product_tag?post=9209"}],"curies":[{"name":"wp","href":"https:\/\/api.w.org\/{rel}","templated":true}]}}

Univerzalne žabice za fiksiranje obloga u vozilu

<p>Univerzalne žabice za fiksiranje obloga u vozilu na raznim mestima poput instrument table, izolacije kabine, obloge sedišta, tovarnog prostora itd&#8230;</p>
<p><strong>Žabice odgovaraju za sledeće modele vozila:</strong></p>
<p><strong>Audi</p>
<p></strong>Audi A3 (2003-2012) &#8211; za fiksiranje instrument table i ventilacione kabine</p>
<p>Audi A4 B6 &#8211; za fiksiranje instrument table i ventilacione kabine</p>
<p>Audi A4 B7 &#8211; za fiksiranje instrument table i ventilacione kabine</p>
<p>Audi A5 &#8211; za fiksiranje instrument table i ventilacione kabine</p>
<p>Audi A6 C6 &#8211; za fiksiranje instrument table i ventilacione kabine</p>
<p>Audi TT (2006-&gt;) &#8211; za fiksiranje instrument table i ventilacione kabine</p>
<p>Audi TT (1998-2006) &#8211; za fiksiranje instrument table i ventilacione kabine<strong></p>
<p>BMW</p>
<p></strong>BMW 5(E28) – obloge prtljažnika</p>
<p>BMW 6(E24) – obloge prtljažnika</p>
<p>BMW 7(E23) – obloge prtljažnika</p>
<p><strong>Ford</strong></p>
<p>Ford &#8211; univerzalne žabice za fiksiranje obloga u vozilu na više lokacija i kod više modela</p>
<p><strong>Opel</strong></p>
<p>Opel Ascona – obloge prednjih i zadnjih sedišta</p>
<p>Opel Astra H – obloge prednjih i zadnjih sedišta</p>
<p>Opel Corsa C – obloge prednjih i zadnjih sedišta</p>
<p>Opel Corsa D – obloge prednjih i zadnjih sedišta</p>
<p>Opel Kadett E – obloge prednjih i zadnjih sedišta</p>
<p>Opel Record – obloge prednjih i zadnjih sedišta</p>
<p>Opel Signum – bočni poklopci u području ispod haube</p>
<p>Opel Vectra C – bočni poklopci u području ispod haube</p>
<p><strong>Seat</p>
<p></strong>Seat Inca &#8211; obloge gepek vrata<strong></p>
<p>Škoda</p>
<p></strong>Škoda Fabia (2000-2008) – obloge gepek vrata</p>
<p>Roomster – obloge gepek vrata</p>
<p>Superb (2002-2008) – paneli od vrata i tepiha</p>
<p><strong>Volkswagen</p>
<p></strong>Volkswagen Caddy (1996-2003) – obloga glave kabine i tovarnog prostora, presvlake prtljažnika<strong></p>
<p></strong>Volkswagen LT (2004-2007) – paneli obloge vrata i unutrašnje obloge panela &#8211; elementi</p>
<p>Volkswagen LT (1990-1996) – paneli obloge vrata i unutrašnje obloge panela &#8211; elementi</p>
<p>Volkswagen LT (1997-2003) – paneli obloge vrata i unutrašnje obloge panela &#8211; elementi</p>
<p>Volkswagen T5 – kontrolna tabla i izolacija kabine i tovarni prostor</p>
<p>Klikom na brend vozila možete da pogledate ceo asortiman žabice za <a href="https://grtgroup.net/wp-content/uploads/2022/Katalozi/Audi_Seat_Volkswagen_zabice_1.2.pdf" target="_blank" rel="noopener">Audi</a>, BMW,  <a href="https://grtgroup.net/wp-content/uploads/2022/Katalozi/Chevrolet_Daewoo_Opel_zabice_version_1.2.pdf" target="_blank" rel="noopener">Opel</a>, <a href="https://grtgroup.net/wp-content/uploads/2022/Katalozi/Audi_Seat_Volkswagen_zabice_1.2.pdf" target="_blank" rel="noopener">Seat</a>, <a href="https://grtgroup.net/wp-content/uploads/2022/Katalozi/Skoda_zabice_version_1.3.pdf" target="_blank" rel="noopener">Škoda</a>, <a href="https://grtgroup.net/wp-content/uploads/2022/Katalozi/Audi_Seat_Volkswagen_zabice_1.2.pdf" target="_blank" rel="noopener">Volkswagen</a></p>
<h3>Dali ste znali o žabicama?</h3>
<p>Sa porastom plastike u automobilskoj industriji, mnogi patenti, kopče i žabice su napravljeni od poliamida i polipropilena zamenili</p>
<p>su metalne komponente. Njihova rešenja za rad i fiksiranje su u početku bila očigledno jednostavna, ali su u isto vreme imali manju težinu,</p>
<p>smanjenje buke i bržu proizvodnju i instalacijskih mogućnosti. Kako se razvijala hemijska industrija,</p>
<p>tako su se razvijali i dizajn plastičnih žabica. Početni jednofunkcionalni pričvršćivači zamenjeni su mnogo komplikovanijim</p>
<p>žabicama – kopčama, koji omogućavaju višestruku upotrebu. Paralelno sa zvučnom izolacijom putničkog prostora,</p>
<p>potrebni su i novi tipovi žabica za pričvršćivanje obloga-tapacira. Dizajnirani su tako da budu laki za instalaciju,</p>
<p>stabilni ali fleksibilni i sposobni da obavljaju funkciju prigušenja vibracija.</p>

<p>Cena artikla se odnosi na 1 komad</p>
<p>Boja : crna</p>
<p>Prečnik glave : 20,3mm</p>
<p>Za rupu : 8mm</p>
<p>Ukupna dužina : 22,6mm</p>
<p>Kom/pak : 25</p>
<p>Audi Nr.: N90201601</p>
<p>BMW Nr.: 51471904317</p>
<p>Opel Nr.: 2207713</p>
<p>Seat, Škoda, VW Nr.: N90201601<br />
Kataloški broj 15513</p>
