{"id":9448,"date":"2020-07-21T23:49:15","date_gmt":"2020-07-21T21:49:15","guid":{"rendered":"https:\/\/mutata.co.rs\/proizvod\/audi-bmw-mercedes-seat-skoda-volkswagen-zabice-za-unutrasnjih-obloga\/"},"modified":"2024-01-31T14:32:49","modified_gmt":"2024-01-31T13:32:49","slug":"audi-bmw-mercedes-seat-skoda-volkswagen-zabice-za-unutrasnjih-obloga","status":"publish","type":"product","link":"https:\/\/mutata.co.rs\/sr\/proizvod\/audi-bmw-mercedes-seat-skoda-volkswagen-zabice-za-unutrasnjih-obloga\/","title":{"rendered":"Audi, BMW, Land Rover, Mercedes, Seat, \u0160koda, Volkswagen \u017eabice za unutra\u0161nje obloge tapacire"},"content":{"rendered":"","protected":false},"excerpt":{"rendered":"<p>Cena artikla se odnosi na 1 komad<\/p>\n<p>Boja :\u00a0crna<\/p>\n<p>Pre\u010dnik glave :\u00a015mm<\/p>\n<p>Pre\u010dnik osovine\u00a0: 6,3mm<\/p>\n<p>Ukupna du\u017eina :\u00a017,5mm<\/p>\n<p>Kom\/pak : 25<\/p>\n<p>BMW Nr.: 51111908077<\/p>\n<p>Land Rover Nr.: EYQ100120<\/p>\n<p>Mercedes\u00a0Nr.:\u00a0A0009905492<\/p>\n<p>Volkswagen Nr.: N90359101<br \/>\nKatalo\u0161ki broj 15434<\/p>","protected":false},"featured_media":12502,"comment_status":"open","ping_status":"closed","template":"","meta":{"rank_math_lock_modified_date":false,"site-sidebar-layout":"default","site-content-layout":"","ast-site-content-layout":"","site-content-style":"default","site-sidebar-style":"default","ast-global-header-display":"","ast-banner-title-visibility":"","ast-main-header-display":"","ast-hfb-above-header-display":"","ast-hfb-below-header-display":"","ast-hfb-mobile-header-display":"","site-post-title":"","ast-breadcrumbs-content":"","ast-featured-img":"","footer-sml-layout":"","theme-transparent-header-meta":"","adv-header-id-meta":"","stick-header-meta":"","header-above-stick-meta":"","header-main-stick-meta":"","header-below-stick-meta":"","astra-migrate-meta-layouts":"default","ast-page-background-enabled":"default","ast-page-background-meta":{"desktop":{"background-color":"","background-image":"","background-repeat":"repeat","background-position":"center center","background-size":"auto","background-attachment":"scroll","background-type":"","background-media":"","overlay-type":"","overlay-color":"","overlay-opacity":"","overlay-gradient":""},"tablet":{"background-color":"","background-image":"","background-repeat":"repeat","background-position":"center center","background-size":"auto","background-attachment":"scroll","background-type":"","background-media":"","overlay-type":"","overlay-color":"","overlay-opacity":"","overlay-gradient":""},"mobile":{"background-color":"","background-image":"","background-repeat":"repeat","background-position":"center center","background-size":"auto","background-attachment":"scroll","background-type":"","background-media":"","overlay-type":"","overlay-color":"","overlay-opacity":"","overlay-gradient":""}},"ast-content-background-meta":{"desktop":{"background-color":"var(--ast-global-color-5)","background-image":"","background-repeat":"repeat","background-position":"center center","background-size":"auto","background-attachment":"scroll","background-type":"","background-media":"","overlay-type":"","overlay-color":"","overlay-opacity":"","overlay-gradient":""},"tablet":{"background-color":"var(--ast-global-color-5)","background-image":"","background-repeat":"repeat","background-position":"center center","background-size":"auto","background-attachment":"scroll","background-type":"","background-media":"","overlay-type":"","overlay-color":"","overlay-opacity":"","overlay-gradient":""},"mobile":{"background-color":"var(--ast-global-color-5)","background-image":"","background-repeat":"repeat","background-position":"center center","background-size":"auto","background-attachment":"scroll","background-type":"","background-media":"","overlay-type":"","overlay-color":"","overlay-opacity":"","overlay-gradient":""}}},"product_cat":[231,467,508,305,232],"product_tag":[2024],"class_list":{"0":"post-9448","1":"product","2":"type-product","3":"status-publish","4":"has-post-thumbnail","6":"product_cat-audi-seat-volkswagen","7":"product_cat-bmw-mini-cooper-2","8":"product_cat-land-rover","9":"product_cat-mercedes-2","10":"product_cat-skoda-2","11":"product_tag-2024","12":"desktop-align-left","13":"tablet-align-left","14":"mobile-align-left","16":"first","17":"instock","18":"shipping-taxable","19":"purchasable","20":"product-type-simple"},"_links":{"self":[{"href":"https:\/\/mutata.co.rs\/sr\/wp-json\/wp\/v2\/product\/9448"}],"collection":[{"href":"https:\/\/mutata.co.rs\/sr\/wp-json\/wp\/v2\/product"}],"about":[{"href":"https:\/\/mutata.co.rs\/sr\/wp-json\/wp\/v2\/types\/product"}],"replies":[{"embeddable":true,"href":"https:\/\/mutata.co.rs\/sr\/wp-json\/wp\/v2\/comments?post=9448"}],"version-history":[{"count":1,"href":"https:\/\/mutata.co.rs\/sr\/wp-json\/wp\/v2\/product\/9448\/revisions"}],"predecessor-version":[{"id":15598,"href":"https:\/\/mutata.co.rs\/sr\/wp-json\/wp\/v2\/product\/9448\/revisions\/15598"}],"wp:featuredmedia":[{"embeddable":true,"href":"https:\/\/mutata.co.rs\/sr\/wp-json\/wp\/v2\/media\/12502"}],"wp:attachment":[{"href":"https:\/\/mutata.co.rs\/sr\/wp-json\/wp\/v2\/media?parent=9448"}],"wp:term":[{"taxonomy":"product_cat","embeddable":true,"href":"https:\/\/mutata.co.rs\/sr\/wp-json\/wp\/v2\/product_cat?post=9448"},{"taxonomy":"product_tag","embeddable":true,"href":"https:\/\/mutata.co.rs\/sr\/wp-json\/wp\/v2\/product_tag?post=9448"}],"curies":[{"name":"wp","href":"https:\/\/api.w.org\/{rel}","templated":true}]}}

Audi, BMW, Land Rover, Mercedes, Seat, Škoda, Volkswagen žabice za unutrašnje obloge tapacire

<p>Cena artikla se odnosi na 1 komad</p>
<p>Boja : crna</p>
<p>Prečnik glave : 15mm</p>
<p>Prečnik osovine : 6,3mm</p>
<p>Ukupna dužina : 17,5mm</p>
<p>Kom/pak : 25</p>
<p>BMW Nr.: 51111908077</p>
<p>Land Rover Nr.: EYQ100120</p>
<p>Mercedes Nr.: A0009905492</p>
<p>Volkswagen Nr.: N90359101<br />
Kataloški broj 15434</p>
